{"id":861,"date":"2026-04-17T22:12:40","date_gmt":"2026-04-17T20:12:40","guid":{"rendered":"http:\/\/www.lacasadarddart.fr\/?page_id=861"},"modified":"2026-04-18T09:30:41","modified_gmt":"2026-04-18T07:30:41","slug":"exposition-2026","status":"publish","type":"page","link":"http:\/\/www.lacasadarddart.fr\/index.php\/exposition-2026\/","title":{"rendered":"EXPOSITION 2026"},"content":{"rendered":"\n<p><strong>\u2013 PAGE EN CONSTRUCTION<\/strong>&#8230;<\/p>\n\n\n\n<p>Plus d&rsquo;information d\u00e8s que possible. Vous pouvez aussi regarder sur la page \u00ab\u00a0Actu\u00a0\u00bb et \u00ab\u00a0Expo\u00a0\u00bb du site www.lacitedelabeille.fr <\/p>\n\n\n\n<p><strong>DU 29 juin au 6 septembre 2026, tout comme en 2025, l&rsquo;exposition ext\u00e9rieure d&rsquo;Eric Tourneret est reconduite; \u00ab\u00a0Les abeilles au naturel, de la chasse au miel \u00e0 l&rsquo;apiculture\u00a0\u00bb.<\/strong> <\/p>\n\n\n\n<p>L&rsquo;exposition de Alain Benoit \u00e0 la Guillaume, \u00ab\u00a0Un baiser pour les abeilles de la terre est aussi reconduite.<\/p>\n\n\n\n<p>+ \u00ab\u00a0Formica\u00a0\u00bb, nouvelle exposition sur le th\u00e8me des fourmis : \u00ab\u00a0Qui n&rsquo;a pris plaisir \u00e0 observer l&rsquo;activit\u00e9 des fourmis autour de leurs petits monticules de terre ?&#8230; Elles se construisent une ville souterraine, avec ses rues, ses places, ses dortoirs, ses magasins, ses \u00e9curies \u00e0 pucerons, elles se creusent une demeure pour elles et pout leur famille\u00a0\u00bb Jean-Henri Fabre (1823-1915) Souvenirs entomologiques<\/p>\n\n\n\n<p> <strong>DU 15 JUIN AU 15 SEPTEMBRE, la casa dard d&rsquo;art se d\u00e9double dans la vall\u00e9e de la Santoire, Cantal. En m\u00eame temps que les expositions \u00e0 la Casa dard d\u2019art, l\u2019exposition photographique &nbsp;\u00ab \u00catre un h\u00eatre \u00bb sera augment\u00e9e de 28 grands tirages ext\u00e9rieur. \u00c0 la chapelle Valentine et au village de S\u00e9gur-les-Villas, dans le parc du restaurant du Moulin de la Santoire, ainsi que dans Le Gentil Bar Tranquille, \u00e0 St-Saturnin. 3 lieux d\u2019expo en ext\u00e9rieur visibles 24\/24 et 3 lieux en int\u00e9rieur. Possibilit\u00e9 de randonner d\u2019un lieu \u00e0 l\u2019autre, au milieu de paysages sublimes entre 1000m et 1200m d\u2019altitude. Vous pouvez consulter le parcours avec visorando&nbsp;<a href=\"https:\/\/www.visorando.com\/randonnee-94895390\/\">ICI.<\/a>&nbsp;(La Valentine &gt; St-Saturnin ; un petit 10km). Autres infos :&nbsp;<a href=\"https:\/\/www.lacitedelabeille.fr\/etre-un-hetre\">\u00ab&nbsp;\u00catre un h\u00eatre&nbsp;\u00bb \u00e9t\u00e9 2026<\/a><\/strong><\/p>\n","protected":false},"excerpt":{"rendered":"<p>\u2013 PAGE EN CONSTRUCTION&#8230; Plus d&rsquo;information d\u00e8s que possible. Vous pouvez aussi regarder sur la page \u00ab\u00a0Actu\u00a0\u00bb et \u00ab\u00a0Expo\u00a0\u00bb du site www.lacitedelabeille.fr DU 29 juin au 6 septembre 2026, tout comme en 2025, l&rsquo;exposition ext\u00e9rieure d&rsquo;Eric Tourneret est reconduite; \u00ab\u00a0Les abeilles au naturel, de la chasse au miel \u00e0 l&rsquo;apiculture\u00a0\u00bb. L&rsquo;exposition de Alain Benoit \u00e0 &hellip; <\/p>\n<p class=\"link-more\"><a href=\"http:\/\/www.lacasadarddart.fr\/index.php\/exposition-2026\/\" class=\"more-link\">Lire la suite de<span class=\"screen-reader-text\">\u00ab\u00a0EXPOSITION 2026\u00a0\u00bb<\/span><\/a><\/p>\n","protected":false},"author":1,"featured_media":0,"parent":0,"menu_order":0,"comment_status":"closed","ping_status":"closed","template":"","meta":{"footnotes":""},"class_list":["post-861","page","type-page","status-publish","hentry"],"_links":{"self":[{"href":"http:\/\/www.lacasadarddart.fr\/index.php\/wp-json\/wp\/v2\/pages\/861","targetHints":{"allow":["GET"]}}],"collection":[{"href":"http:\/\/www.lacasadarddart.fr\/index.php\/wp-json\/wp\/v2\/pages"}],"about":[{"href":"http:\/\/www.lacasadarddart.fr\/index.php\/wp-json\/wp\/v2\/types\/page"}],"author":[{"embeddable":true,"href":"http:\/\/www.lacasadarddart.fr\/index.php\/wp-json\/wp\/v2\/users\/1"}],"replies":[{"embeddable":true,"href":"http:\/\/www.lacasadarddart.fr\/index.php\/wp-json\/wp\/v2\/comments?post=861"}],"version-history":[{"count":5,"href":"http:\/\/www.lacasadarddart.fr\/index.php\/wp-json\/wp\/v2\/pages\/861\/revisions"}],"predecessor-version":[{"id":874,"href":"http:\/\/www.lacasadarddart.fr\/index.php\/wp-json\/wp\/v2\/pages\/861\/revisions\/874"}],"wp:attachment":[{"href":"http:\/\/www.lacasadarddart.fr\/index.php\/wp-json\/wp\/v2\/media?parent=861"}],"curies":[{"name":"wp","href":"https:\/\/api.w.org\/{rel}","templated":true}]}}